{"id":373,"date":"2021-08-17T11:29:24","date_gmt":"2021-08-17T11:29:24","guid":{"rendered":"http:\/\/syline.de\/?page_id=373"},"modified":"2022-06-29T16:52:47","modified_gmt":"2022-06-29T16:52:47","slug":"ssp","status":"publish","type":"page","link":"http:\/\/syline.de\/?page_id=373","title":{"rendered":"SSP"},"content":{"rendered":"\n<p>Sommerpause &#8211; Wieder ab Oktober oder November 2022 buchbar. Bitte fragen Sie gerne nach unter anfrage@sylvia-uebelein.de<\/p>\n\n\n\n<p><\/p>\n\n\n\n<p><\/p>\n\n\n\n<p><\/p>\n\n\n\n<p><\/p>\n\n\n\n<p><\/p>\n\n\n\n<p><\/p>\n\n\n\n<p><\/p>\n\n\n\n<p><\/p>\n\n\n\n<p><\/p>\n\n\n\n<p>****************************************<\/p>\n\n\n\n<p><strong>SSP &#8211; Safe Sound Protocol<\/strong>. Entwickelt von einem Team von Wissenschaftler*innen um <strong><a rel=\"noreferrer noopener\" href=\"https:\/\/www.stephenporges.com\/\" target=\"_blank\">Prof. Dr. Stephen Porges<\/a>,<\/strong> basierend auf den Forschungen rund um die Polyvagaletheorie.<\/p>\n\n\n\n<p><em>. &gt;&gt;&gt; <a rel=\"noreferrer noopener\" href=\"http:\/\/syline.de\/wp-content\/uploads\/2021\/05\/SSP_Info_Uebelein_Website.pdf\" target=\"_blank\">mehr Info in einer .pdf-Datei<\/a><\/em><\/p>\n\n\n\n<p><em>WAS IST SSP?<\/em><br><em>Das Safe and Sound Protocol (SSP) ist eine f\u00fcnfst\u00fcndige&nbsp; auditive Intervention (anh\u00f6ren von speziell modulierter Musik mit einem Kopfh\u00f6rer), mit der nachhaltig Stress- und Ger\u00e4uschempfindlichkeit reduziert und gleichzeitig das soziale Verhalten und die Widerstandsf\u00e4higkeit des Nervensystems verbessert\/stablilsiert werden sollen. Es werden die Geh\u00f6rkn\u00f6chelchen und -Muskeln im Mittelohr auf eine bestimmte Art aktiviert und auf diesem Wege der Vagusnerv erreicht und angeregt, seine Myelinscheiden (Schutz- und Weiterleitungsschicht ) zu bilden und somit das &#8222;Nervenkost\u00fcm zu verdicken&#8220;.<\/em><\/p>\n\n\n\n<p><em>Das SSP ist eine forschungsbasierte Therapie, die nach nur 5 Stunden signifikante Ergebnisse in folgenden Bereichen zeigt:<\/em><\/p>\n\n\n\n<p><em>Ger\u00e4uschempfindlichkeiten<br>Unaufmerksamkeit<\/em><br><em>Herausforderungen im Zusammenhang mit Angst und Trauma<\/em><br><em>Stressoren, die sich auf das soziale Verhalten auswirken.<br>Soziale und emotionale Schwierigkeiten<\/em><\/p>\n\n\n\n<p><em>. <a href=\"http:\/\/syline.de\/wp-content\/uploads\/2021\/05\/SSP_Info_Uebelein_Website.pdf\" target=\"_blank\" rel=\"noreferrer noopener\">&gt;&gt;&gt; mehr Info in einer .pdf-Datei<\/a><\/em><\/p>\n\n\n\n<p><a href=\"http:\/\/syline.de\/wp-content\/uploads\/2021\/04\/Playliste_SSP_Erwachsene.pdf\" target=\"_blank\" rel=\"noreferrer noopener\">&gt;&gt;&gt; Liste der modulierten Songs, die in den 5 Tagen zu h\u00f6ren sind<\/a><\/p>\n","protected":false},"excerpt":{"rendered":"<p>Sommerpause &#8211; Wieder ab Oktober oder November 2022 buchbar. Bitte fragen Sie gerne nach unter anfrage@sylvia-uebelein.de **************************************** SSP &#8211; Safe Sound Protocol. Entwickelt von einem Team von Wissenschaftler*innen um Prof. Dr. Stephen Porges, basierend auf den Forschungen rund um die Polyvagaletheorie. . &gt;&gt;&gt; mehr Info in einer .pdf-Datei WAS IST SSP?Das Safe and Sound Protocol &hellip; <\/p>\n<p class=\"link-more\"><a href=\"http:\/\/syline.de\/?page_id=373\" class=\"more-link\"><span class=\"screen-reader-text\">\u201eSSP\u201c <\/span>weiterlesen<\/a><\/p>\n","protected":false},"author":1,"featured_media":0,"parent":0,"menu_order":0,"comment_status":"closed","ping_status":"closed","template":"","meta":{"footnotes":""},"class_list":["post-373","page","type-page","status-publish","hentry"],"_links":{"self":[{"href":"http:\/\/syline.de\/index.php?rest_route=\/wp\/v2\/pages\/373","targetHints":{"allow":["GET"]}}],"collection":[{"href":"http:\/\/syline.de\/index.php?rest_route=\/wp\/v2\/pages"}],"about":[{"href":"http:\/\/syline.de\/index.php?rest_route=\/wp\/v2\/types\/page"}],"author":[{"embeddable":true,"href":"http:\/\/syline.de\/index.php?rest_route=\/wp\/v2\/users\/1"}],"replies":[{"embeddable":true,"href":"http:\/\/syline.de\/index.php?rest_route=%2Fwp%2Fv2%2Fcomments&post=373"}],"version-history":[{"count":5,"href":"http:\/\/syline.de\/index.php?rest_route=\/wp\/v2\/pages\/373\/revisions"}],"predecessor-version":[{"id":586,"href":"http:\/\/syline.de\/index.php?rest_route=\/wp\/v2\/pages\/373\/revisions\/586"}],"wp:attachment":[{"href":"http:\/\/syline.de\/index.php?rest_route=%2Fwp%2Fv2%2Fmedia&parent=373"}],"curies":[{"name":"wp","href":"https:\/\/api.w.org\/{rel}","templated":true}]}}