{"id":374,"date":"2021-08-17T11:29:24","date_gmt":"2021-08-17T11:29:24","guid":{"rendered":"http:\/\/syline.de\/?page_id=374"},"modified":"2025-06-10T10:15:49","modified_gmt":"2025-06-10T10:15:49","slug":"amnanda-oelkur","status":"publish","type":"page","link":"http:\/\/syline.de\/?page_id=374","title":{"rendered":"13er \u00d6lkur &#8211; ein Ritual \u00fcber 13 Monate"},"content":{"rendered":"\n<p>13 \u00d6lungen. Eine \u00d6lung pro Monat.<br>Ausschliesslich f\u00fcr Frauen.<br>Mit \u00d6lausz\u00fcgen aus heimischen Kr\u00e4uter.<br>Das Konzept ist momentan in Entwicklung. <br><br>Inspiriert durch die uralte, \u00fcberlieferte Amnanda \u00d6lkur, die ich einige Jahre praktiziert habe, m\u00f6chte ich etwas eigenes f\u00fcr die jetztige Zeit und die jetztigen Menschen entwickeln. <\/p>\n\n\n\n<p><\/p>\n\n\n\n<p class=\"has-text-align-right\"><em>Stand: 10. Juni 2025<\/em><\/p>\n","protected":false},"excerpt":{"rendered":"<p>13 \u00d6lungen. Eine \u00d6lung pro Monat.Ausschliesslich f\u00fcr Frauen.Mit \u00d6lausz\u00fcgen aus heimischen Kr\u00e4uter.Das Konzept ist momentan in Entwicklung. Inspiriert durch die uralte, \u00fcberlieferte Amnanda \u00d6lkur, die ich einige Jahre praktiziert habe, m\u00f6chte ich etwas eigenes f\u00fcr die jetztige Zeit und die jetztigen Menschen entwickeln. Stand: 10. Juni 2025<\/p>\n","protected":false},"author":1,"featured_media":0,"parent":0,"menu_order":0,"comment_status":"closed","ping_status":"closed","template":"","meta":{"footnotes":""},"class_list":["post-374","page","type-page","status-publish","hentry"],"_links":{"self":[{"href":"http:\/\/syline.de\/index.php?rest_route=\/wp\/v2\/pages\/374","targetHints":{"allow":["GET"]}}],"collection":[{"href":"http:\/\/syline.de\/index.php?rest_route=\/wp\/v2\/pages"}],"about":[{"href":"http:\/\/syline.de\/index.php?rest_route=\/wp\/v2\/types\/page"}],"author":[{"embeddable":true,"href":"http:\/\/syline.de\/index.php?rest_route=\/wp\/v2\/users\/1"}],"replies":[{"embeddable":true,"href":"http:\/\/syline.de\/index.php?rest_route=%2Fwp%2Fv2%2Fcomments&post=374"}],"version-history":[{"count":9,"href":"http:\/\/syline.de\/index.php?rest_route=\/wp\/v2\/pages\/374\/revisions"}],"predecessor-version":[{"id":789,"href":"http:\/\/syline.de\/index.php?rest_route=\/wp\/v2\/pages\/374\/revisions\/789"}],"wp:attachment":[{"href":"http:\/\/syline.de\/index.php?rest_route=%2Fwp%2Fv2%2Fmedia&parent=374"}],"curies":[{"name":"wp","href":"https:\/\/api.w.org\/{rel}","templated":true}]}}