{"id":440,"date":"2021-08-21T15:08:20","date_gmt":"2021-08-21T15:08:20","guid":{"rendered":"http:\/\/syline.de\/?page_id=440"},"modified":"2023-02-03T20:58:57","modified_gmt":"2023-02-03T20:58:57","slug":"fastenbegleitende-behandlung","status":"publish","type":"page","link":"http:\/\/syline.de\/?page_id=440","title":{"rendered":"Fastenbegleitende Behandlung"},"content":{"rendered":"\n<ul class=\"wp-block-list\"><li><strong>Fastenwoche im Alltag &#8211; Bewohne Deinen K\u00f6rper<br>n\u00e4chster Termin : 1.4.-7.4.2023. &#8211; AUSGEBUCHT,&nbsp; Warteliste<br>Wieder in bew\u00e4hrter und freudiger Zusammenarbeit mit <a href=\"https:\/\/www.wolfbergmann.de\/\" target=\"_blank\" rel=\"noreferrer noopener\">Dr. Wolf Bergmann<\/a><br>Es wird t\u00e4glich eine Organmassage (nach Dr. F.X. Mayr) geben und insgesamt 3 Treffen als Gruppe (7-8 Teilnehmende). Geb\u00fchr f\u00fcr die Woche: 250 \u20ac nach Selbsteinsch\u00e4tzung<br>Mehr Information hier-&gt; <a href=\"http:\/\/syline.de\/wp-content\/uploads\/2022\/10\/Bewohne_deinen_Koerper_intro.pdf\" target=\"_blank\" rel=\"noreferrer noopener\">Fasteninfo<\/a><br>oder auf Anfrage unter<br>0176-41812843 oder <a href=\"mailto:anfrage@sylvia-uebelein.de\">anfrage@sylvia-uebelein.de<\/a><\/strong><\/li><\/ul>\n\n\n\n<p><\/p>\n\n\n\n<p><\/p>\n","protected":false},"excerpt":{"rendered":"<p>Fastenwoche im Alltag &#8211; Bewohne Deinen K\u00f6rpern\u00e4chster Termin : 1.4.-7.4.2023. &#8211; AUSGEBUCHT,&nbsp; WartelisteWieder in bew\u00e4hrter und freudiger Zusammenarbeit mit Dr. Wolf BergmannEs wird t\u00e4glich eine Organmassage (nach Dr. F.X. Mayr) geben und insgesamt 3 Treffen als Gruppe (7-8 Teilnehmende). Geb\u00fchr f\u00fcr die Woche: 250 \u20ac nach Selbsteinsch\u00e4tzungMehr Information hier-&gt; Fasteninfooder auf Anfrage unter0176-41812843 oder anfrage@sylvia-uebelein.de<\/p>\n","protected":false},"author":1,"featured_media":0,"parent":0,"menu_order":0,"comment_status":"closed","ping_status":"closed","template":"","meta":{"footnotes":""},"class_list":["post-440","page","type-page","status-publish","hentry"],"_links":{"self":[{"href":"http:\/\/syline.de\/index.php?rest_route=\/wp\/v2\/pages\/440","targetHints":{"allow":["GET"]}}],"collection":[{"href":"http:\/\/syline.de\/index.php?rest_route=\/wp\/v2\/pages"}],"about":[{"href":"http:\/\/syline.de\/index.php?rest_route=\/wp\/v2\/types\/page"}],"author":[{"embeddable":true,"href":"http:\/\/syline.de\/index.php?rest_route=\/wp\/v2\/users\/1"}],"replies":[{"embeddable":true,"href":"http:\/\/syline.de\/index.php?rest_route=%2Fwp%2Fv2%2Fcomments&post=440"}],"version-history":[{"count":5,"href":"http:\/\/syline.de\/index.php?rest_route=\/wp\/v2\/pages\/440\/revisions"}],"predecessor-version":[{"id":652,"href":"http:\/\/syline.de\/index.php?rest_route=\/wp\/v2\/pages\/440\/revisions\/652"}],"wp:attachment":[{"href":"http:\/\/syline.de\/index.php?rest_route=%2Fwp%2Fv2%2Fmedia&parent=440"}],"curies":[{"name":"wp","href":"https:\/\/api.w.org\/{rel}","templated":true}]}}