{"id":439,"date":"2021-08-21T15:08:20","date_gmt":"2021-08-21T15:08:20","guid":{"rendered":"http:\/\/syline.de\/?page_id=439"},"modified":"2025-06-10T10:21:06","modified_gmt":"2025-06-10T10:21:06","slug":"craniosacrale-therapie","status":"publish","type":"page","link":"https:\/\/syline.de\/?page_id=439","title":{"rendered":"Craniosacrale Therapie"},"content":{"rendered":"\n<p>CranioSacrale Therapie ist die manuelle (mit den H\u00e4nden) Behandlung des CranioSacralen Systems &#8211; und den damit zusammenh\u00e4ngenden Strukturen auf der Liege in Kleidung.<\/p>\n\n\n\n<p>Die Behandlung ist systemorientiert statt symptomorientiert. Das hei\u00dft, dass der Behandler die f\u00fcr die Therapie notwendigen Behandlungsparameter aus den Gegebenheiten innerhalb des CranioSacralen Systems bezieht, und \u00fcber die systematische Behandlung dieses Systems einen indirekten Einfluss auf Symptome des Menschen nimmt. Es wird somit nicht eine Krankheit, sondern ein System behandelt.<\/p>\n\n\n\n<p>Das CranioSacrale System ist die Umgebung, worin das zentrale Nervensystem sich befindet und funktioniert. Es besteht aus den Hirn- und R\u00fcckenmarksh\u00e4uten mit ihren kn\u00f6chernen und Weichteilverbindungen, sowie aus allen zur Herstellung, Zirkulation und Wiederaufnahme der Hirn- und R\u00fcckenmarksfl\u00fcssigkeit dienenden Strukturen.<\/p>\n\n\n\n<p>Das Ziel in der Anwendung der Methode ist die Wiederherstellung der individuellen optimalen Harmonie innerhalb der Person und insbesondere innerhalb des CranioSacralen Systems im Sinne eines Spannungsausgleiches.<\/p>\n\n\n\n<h2 class=\"wp-block-heading\">M\u00f6glichkeiten und Grenzen der Therapie<\/h2>\n\n\n\n<p>Alle Symptome, die auf eine m\u00f6gliche Abnahme der Leistungsf\u00e4higkeit des Nerven- und Hormonsystems zur\u00fcckgef\u00fchrt werden k\u00f6nnen, sind Indikationen f\u00fcr die \u00dcberpr\u00fcfung des Zustandes des CranioSacralen Systems und dessen Behandlung mit Hilfe der CranioSacralen Therapie.<\/p>\n\n\n\n<p>Beispiele hierf\u00fcr sind: Migr\u00e4ne und Kopfschmerzen, chronische Nacken- und R\u00fcckenschmerzen, stress- und spannungsbedingte St\u00f6rungen, koordinative St\u00f6rungen, insbesondere im S\u00e4uglingsalter, Zustand nach einem Trauma von Gehirn und R\u00fcckenmark, Dysfunktionen des zentralen Nervensystems oder des Hormonsystems, Konzentrations-, Lern- und Sprach-, Lese- und Rechtschreibschwierigkeiten, orthop\u00e4dische Probleme des R\u00fcckens, sowie chronische \u00dcberm\u00fcdung oder Ersch\u00f6pfung und funktionelle vegetative Dysfunktionen.<\/p>\n\n\n\n<p>Findet innerhalb einer akzeptablen Behandlungszeit keine Verbesserung der der Methode eigenen Kriterien statt, ist eine Fortsetzung der CranioSacralen Therapie nicht angezeigt.<\/p>\n\n\n\n<p>Dauer einer Behandlung: 60 Minuten<br>Kosten: 90 Euro<\/p>\n","protected":false},"excerpt":{"rendered":"<p>CranioSacrale Therapie ist die manuelle (mit den H\u00e4nden) Behandlung des CranioSacralen Systems &#8211; und den damit zusammenh\u00e4ngenden Strukturen auf der Liege in Kleidung. Die Behandlung ist systemorientiert statt symptomorientiert. Das hei\u00dft, dass der Behandler die f\u00fcr die Therapie notwendigen Behandlungsparameter aus den Gegebenheiten innerhalb des CranioSacralen Systems bezieht, und \u00fcber die systematische Behandlung dieses Systems &hellip; <\/p>\n<p class=\"link-more\"><a href=\"https:\/\/syline.de\/?page_id=439\" class=\"more-link\"><span class=\"screen-reader-text\">\u201eCraniosacrale Therapie\u201c <\/span>weiterlesen<\/a><\/p>\n","protected":false},"author":1,"featured_media":0,"parent":0,"menu_order":0,"comment_status":"closed","ping_status":"closed","template":"","meta":{"footnotes":""},"class_list":["post-439","page","type-page","status-publish","hentry"],"_links":{"self":[{"href":"https:\/\/syline.de\/index.php?rest_route=\/wp\/v2\/pages\/439","targetHints":{"allow":["GET"]}}],"collection":[{"href":"https:\/\/syline.de\/index.php?rest_route=\/wp\/v2\/pages"}],"about":[{"href":"https:\/\/syline.de\/index.php?rest_route=\/wp\/v2\/types\/page"}],"author":[{"embeddable":true,"href":"https:\/\/syline.de\/index.php?rest_route=\/wp\/v2\/users\/1"}],"replies":[{"embeddable":true,"href":"https:\/\/syline.de\/index.php?rest_route=%2Fwp%2Fv2%2Fcomments&post=439"}],"version-history":[{"count":6,"href":"https:\/\/syline.de\/index.php?rest_route=\/wp\/v2\/pages\/439\/revisions"}],"predecessor-version":[{"id":791,"href":"https:\/\/syline.de\/index.php?rest_route=\/wp\/v2\/pages\/439\/revisions\/791"}],"wp:attachment":[{"href":"https:\/\/syline.de\/index.php?rest_route=%2Fwp%2Fv2%2Fmedia&parent=439"}],"curies":[{"name":"wp","href":"https:\/\/api.w.org\/{rel}","templated":true}]}}