{"id":955,"date":"2026-03-07T20:06:26","date_gmt":"2026-03-07T20:06:26","guid":{"rendered":"https:\/\/syline.de\/?page_id=955"},"modified":"2026-03-28T20:16:22","modified_gmt":"2026-03-28T20:16:22","slug":"herzlich-willkommen","status":"publish","type":"page","link":"https:\/\/syline.de\/","title":{"rendered":"Herzlich Willkommen!"},"content":{"rendered":"\n<p>Die Website wird momentan \u00fcberarbeitet. (Stand M\u00e4rz 2026)<br><br><strong>Aktuelle Sondertermine<\/strong>:<br><br><strong>SINGEN und STILLE<\/strong><br>mit Liedern aus aller Welt.<br>Sylvia \u00dcbelein &amp; Stephanie Pricking.<br>immer Mittwochs, 7:30 Uhr bis 8 Uhr,<br>im Raum der Stille im Vauban, Haus 37, Alfred-D\u00f6blin-Platz, Freiburg i.Br.<br>Einfach vorbeikommen, keine Vorkenntnisse n\u00f6tig, Spendenbasis.<\/p>\n\n\n\n<p>__________________________________________________<\/p>\n\n\n\n<p><strong>Praxisdaten<\/strong>:<br>Lise-Meitnerstrasse 12<br>79100 Freiburg i.Br.<br>anfrage@sylvia-uebelein.de<br>Tel.: 0176-41812843<\/p>\n\n\n\n<p>NARM&#x2122;-Practicioner<br>TRE\u00ae-Advanced-Provider<br>Integrative K\u00f6rpertherapien ( u.a. Strukturelle Integration, Craniosacraltherapie, Reflexzonentherapie am Fuss)<br>Die Kraft innerer Bilder<br>Pflanzenwissen<br>HP med.<\/p>\n","protected":false},"excerpt":{"rendered":"<p>Die Website wird momentan \u00fcberarbeitet. (Stand M\u00e4rz 2026) Aktuelle Sondertermine: SINGEN und STILLEmit Liedern aus aller Welt.Sylvia \u00dcbelein &amp; Stephanie Pricking.immer Mittwochs, 7:30 Uhr bis 8 Uhr,im Raum der Stille im Vauban, Haus 37, Alfred-D\u00f6blin-Platz, Freiburg i.Br.Einfach vorbeikommen, keine Vorkenntnisse n\u00f6tig, Spendenbasis. __________________________________________________ Praxisdaten:Lise-Meitnerstrasse 1279100 Freiburg i.Br.anfrage@sylvia-uebelein.deTel.: 0176-41812843 NARM&#x2122;-PracticionerTRE\u00ae-Advanced-ProviderIntegrative K\u00f6rpertherapien ( u.a. Strukturelle Integration, Craniosacraltherapie, &hellip; <\/p>\n<p class=\"link-more\"><a href=\"https:\/\/syline.de\/\" class=\"more-link\"><span class=\"screen-reader-text\">\u201eHerzlich Willkommen!\u201c <\/span>weiterlesen<\/a><\/p>\n","protected":false},"author":1,"featured_media":0,"parent":0,"menu_order":0,"comment_status":"closed","ping_status":"closed","template":"","meta":{"footnotes":""},"class_list":["post-955","page","type-page","status-publish","hentry"],"_links":{"self":[{"href":"https:\/\/syline.de\/index.php?rest_route=\/wp\/v2\/pages\/955","targetHints":{"allow":["GET"]}}],"collection":[{"href":"https:\/\/syline.de\/index.php?rest_route=\/wp\/v2\/pages"}],"about":[{"href":"https:\/\/syline.de\/index.php?rest_route=\/wp\/v2\/types\/page"}],"author":[{"embeddable":true,"href":"https:\/\/syline.de\/index.php?rest_route=\/wp\/v2\/users\/1"}],"replies":[{"embeddable":true,"href":"https:\/\/syline.de\/index.php?rest_route=%2Fwp%2Fv2%2Fcomments&post=955"}],"version-history":[{"count":7,"href":"https:\/\/syline.de\/index.php?rest_route=\/wp\/v2\/pages\/955\/revisions"}],"predecessor-version":[{"id":972,"href":"https:\/\/syline.de\/index.php?rest_route=\/wp\/v2\/pages\/955\/revisions\/972"}],"wp:attachment":[{"href":"https:\/\/syline.de\/index.php?rest_route=%2Fwp%2Fv2%2Fmedia&parent=955"}],"curies":[{"name":"wp","href":"https:\/\/api.w.org\/{rel}","templated":true}]}}